n 197782 is divided by 67.
65
Calculate the remainder when 2500 is divided by 1233.
34
Calculate the remainder when 42589 is divided by 121.
118
Calculate the remainder when 1762 is divided by 1130.
632
Calculate the remainder when 829 is divided by 551.
278
Calculate the remainder when 4586 is divided by 75.
11
Calculate the remainder when 472871 is divided by 38.
37
Calculate the remainder when 30711 is divided by 28.
23
Calculate the remainder when 120223 is divided by 172.
167
What is the remainder when 2521 is divided by 140?
1
What is the remainder when 42390 is divided by 1570?
0
What is the remainder when 33656 is divided by 73?
3
Calculate the remainder when 488 is divided by 401.
87
What is the remainder when 1927678 is divided by 512?
510
What is the remainder when 4961557 is divided by 10?
7
Calculate the remainder when 19327 is divided by 56.
7
What is the remainder when 47452 is divided by 344?
324
Calculate the remainder when 22904 is divided by 249.
245
Calculate the remainder when 343622 is divided by 297.
290
Calculate the remainder when 546 is divided by 70.
56
What is the remainder when 16221 is divided by 706?
689
Calculate the remainder when 131885 is divided by 141.
50
Calculate the remainder when 2342 is divided by 96.
38
Calculate the remainder when 18633 is divided by 31.
2
What is the remainder when 3105 is divided by 145?
60
What is the remainder when 80212 is divided by 16027?
77
What is the remainder when 74938 is divided by 21?
10
Calculate the remainder when 86557 is divided by 601.
13
What is the remainder when 29037 is divided by 25?
12
What is the remainder when 120165 is divided by 72?
69
Calculate the remainder when 8097 is divided by 165.
12
Calculate the remainder when 60400 is divided by 209.
208
Calculate the remainder when 12934 is divided by 65.
64
What is the remainder when 22569 is divided by 215?
209
Calculate the remainder when 3100 is divided by 1542.
16
Calculate the remainder when 107539 is divided by 356.
27
Calculate the remainder when 112109 is divided by 8.
5
What is the remainder when 50610 is divided by 247?
222
Calculate the remainder when 862 is divided by 219.
205
What is the remainder when 62231 is divided by 438?
35
What is the remainder when 705836 is divided by 166?
4
What is the remainder when 15941 is divided by 469?
464
What is the remainder when 219468 is divided by 36?
12
Calculate the remainder when 6170 is divided by 125.
45
What is the remainder when 1186 is divided by 59?
6
What is the remainder when 86738 is divided by 9?
5
Calculate the remainder when 18885 is divided by 991.
56
Calculate the remainder when 582765 is divided by 48.
45
What is the remainder when 35503 is divided by 21?
13
Calculate the remainder when 50652 is divided by 95.
17
Calculate the remainder when 26680 is divided by 6654.
64
Calculate the remainder when 3093 is divided by 104.
77
Calculate the remainder when 1319492 is divided by 24.
20
What is the remainder when 237164 is divided by 2?
0
Calculate the remainder when 809 is divided by 182.
81
What is the remainder when 1052958 is divided by 5?
3
What is the remainder when 22217 is divided by 792?
41
Calculate the remainder when 1234 is divided by 132.
46
What is the remainder when 7203 is divided by 3588?
27
What is the remainder when 4433096 is divided by 209?
206
Calculate the remainder when 10991 is divided by 1368.
47
Calculate the remainder when 70304 is divided by 2130.
14
What is the remainder when 26083 is divided by 8691?
10
What is the remainder when 3283 is divided by 182?
7
Calculate the remainder when 1361 is divided by 693.
668
Calculate the remainder when 3978 is divided by 178.
62
Calculate the remainder when 103140 is divided by 63.
9
Calculate the remainder when 5109 is divided by 12.
9
What is the remainder when 31230 is divided by 29?
26
Calculate the remainder when 174612 is divided by 73.
69
Calculate the remainder when 1392912 is divided by 2276.
0
What is the remainder when 70627 is divided by 5043?
25
What is the remainder when 28022 is divided by 154?
148
Calculate the remainder when 56738 is divided by 579.
575
What is the remainder when 45287 is divided by 102?
101
Calculate the remainder when 1657 is divided by 412.
9
Calculate the remainder when 36642 is divided by 16.
2
What is the remainder when 10158 is divided by 140?
78
Calculate the remainder when 890 is divided by 5.
0
Calculate the remainder when 5589 is divided by 2225.
1139
Calculate the remainder when 143140 is divided by 143.
140
What is the remainder when 10781 is divided by 38?
27
What is the remainder when 18575 is divided by 9275?
25
What is the remainder when 317 is divided by 9?
2
Calculate the remainder when 97867 is divided by 866.
9
What is the remainder when 15256 is divided by 1691?
37
What is the remainder when 1060 is divided by 4?
0
What is the remainder when 6375 is divided by 578?
17
Calculate the remainder when 40036 is divided by 2669.
1
Calculate the remainder when 91356 is divided by 52.
44
What is the remainder when 569338 is divided by 127?
124
Calculate the remainder when 506433 is divided by 181.
176
Calculate the remainder when 52357 is divided by 85.
82
What is the remainder when 251961 is divided by 12?
9
What is the remainder when 38378 is divided by 7620?
278
Calculate the remainder when 140318 is divided by 51.
17
What is the remainder when 213076 is divided by 24?
4
What is the remainder when 24626 is divided by 11?
8
Calculate the remainder when 95592 is divided by 21.
0
What is the remainder when 96185 is divided by 139?
136
Calculate the remainder when 85381 is divided by 1279.
967
Calculate the remainder when 963582 is divided by 149.
148
What is the remainder when 7672 is divided by 2510?
142
What is the remainder when 3326 is divided by 429?
323
What is the remainder when 7243149 is divided by 487?
485
What is the remainder when 731 is divided by 108?
83
Calculate the remainder when 1974 is divided by 620.
114
Calculate the remainder when 58148 is divided by 117.
116
What is the remainder when 2476 is divided by 1187?
102
What is the remainder when 255150 is divided by 16?
14
What is the remainder when 8330 is divided by 3999?
332
Calculate the remainder when 114605 is divided by 38169.
98
What is the remainder when 1947 is divided by 536?
339
Calculate the remainder when 965 is divided by 84.
41
What is the remainder when 6690 is divided by 1333?
25
What is the remainder when 302357 is divided by 12093?
32
What is the remainder when 10571 is divided by 1168?
59
Calculate the remainder when 67933 is divided by 8490.
13
Calculate the remainder when 60808 is divided by 49.
48
What is the remainder when 84363 is divided by 709?
701
Calculate the remainder when 12010 is divided by 506.
372
Calculate the remainder when 804 is divided by 23.
22
What is the remainder when 92320 is divided by 847?
844
What is the remainder when 3118288 is divided by 1437?
1435
What is the remainder when 1402 is divided by 116?
10
What is the remainder when 1842 is divided by 248?
106
Calculate the remainder when 552196 is divided by 92032.
4
What is the remainder when 3482 is divided by 20?
2
Calculate the remainder when 29277 is divided by 9756.
9
What is the remainder when 311205 is divided by 161?
153
Calculate the remainder when 23250 is divided by 1780.
110
Calculate the remainder when 27194 is divided by 52.
50
Calculate the remainder when 1398 is divided by 531.
336
Calculate the remainder when 9817 is divided by 67.
35
Calculate the remainder when 1111628 is divided by 13.
11
What is the remainder when 42379 is divided by 7059?
25
Calculate the remainder when 68035 is divided by 146.
145
Calculate the remainder when 16320 is divided by 47.
11
What is the remainder when 53727 is divided by 45?
42
What is the remainder when 622640 is divided by 318?
314
What is the remainder when 852446 is divided by 34?
32
Calculate the remainder when 30288 is divided by 150.
138
Calculate the remainder when 27383 is divided by 28.
27
What is the remainder when 13081 is divided by 1158?
343
Calculate the remainder when 723337 is divided by 20.
17
What is the remainder when 4312 is divided by 479?
1
Calculate the remainder when 5888 is divided by 19